{"id":96,"date":"2014-11-10T13:20:40","date_gmt":"2014-11-10T13:20:40","guid":{"rendered":"https:\/\/www.nfpsa.lv\/?page_id=96"},"modified":"2015-01-12T13:56:10","modified_gmt":"2015-01-12T13:56:10","slug":"biedrs-2","status":"publish","type":"page","link":"https:\/\/nfpsa.lv\/?page_id=96","title":{"rendered":"Tavex SIA"},"content":{"rendered":"<p>[et_pb_section][et_pb_row][et_pb_column type=&#8221;1_2&#8243;][et_pb_text admin_label=&#8221;Text&#8221; background_layout=&#8221;light&#8221; text_orientation=&#8221;left&#8221;]<\/p>\n<p><a href=\"https:\/\/www.nfpsa.lv\/wp-content\/uploads\/2014\/11\/Tavex_logo.jpg\" data-rel=\"lightbox-image-0\" data-rl_title=\"\" data-rl_caption=\"\" title=\"\"><img loading=\"lazy\" class=\"alignleft size-medium wp-image-155\" src=\"https:\/\/www.nfpsa.lv\/wp-content\/uploads\/2014\/11\/Tavex_logo-300x39.jpg\" alt=\"Tavex_logo\" width=\"300\" height=\"39\" srcset=\"https:\/\/cdn.nfpsa.lv\/wp-content\/uploads\/2014\/11\/24124210\/Tavex_logo-300x39.jpg 300w, https:\/\/cdn.nfpsa.lv\/wp-content\/uploads\/2014\/11\/24124210\/Tavex_logo.jpg 863w\" sizes=\"(max-width: 300px) 100vw, 300px\" \/><\/a><\/p>\n<p>&nbsp;<\/p>\n<p>&nbsp;<\/p>\n<p><strong>Nosaukums:<\/strong>\u00a0<strong>TAVEX SIA<\/strong><\/p>\n<p><strong>Re\u0123.nr.:<\/strong> 40003585673<\/p>\n<p><strong>Juridisk\u0101 adrese:<\/strong> Elizabetes iela 21A-103, R\u012bga, LV-1010<\/p>\n<p><strong>Dibin\u0101\u0161anas gads:<\/strong> 2002. gad\u0101 tika dibin\u0101ta\u00a0Latvijas p\u0101rst\u0101vniec\u012bba<\/p>\n<p><strong>Uz\u0146\u0113muma apraksts:<\/strong> \u00a0Tavex SIA ir starptautiska finan\u0161u koncerna \u2013 Tavex Grupas da\u013ca, kas sniedz t\u0101dus finan\u0161u pakalpojumus, ka skaidras un bezskaidras naudas val\u016btas mai\u0146a, invest\u012bciju zelta pirk\u0161ana un p\u0101rdo\u0161ana, zelta juvelierzistr\u0101d\u0101jumu pirk\u0161ana un maks\u0101jumu pakalpojumu snieg\u0161ana. Tavex SIA\u00a0ir piecas klientu apkalpo\u0161anas fili\u0101les, \u00a0kas atrodas R\u012bgas liel\u0101kajos tirdzniec\u012bbas centros, t\u0101dos k\u0101 t\/p ALFA, t\/c SPICE, t\/c MOLS, t\/c ORIGO, k\u0101 ar\u012b R\u012bgas\u00a0centr\u0101 Elizabetes iel\u0101 21A.\u00a0Tavex SIA \u00a0ir \u00a0TAVID AS(Igaunija), re\u0123.nr. 10055700 100% meitas uz\u0146\u0113mums.<\/p>\n<p><a href=\"http:\/\/www.tavex.lv\/popFile.php?file=30\" target=\"_blank\">SIA Tavex audit\u0113ts gada p\u0101rskats par 2013.gadu (latvie\u0161u valod\u0101)<\/a><\/p>\n<p><strong>Kontakti:<\/strong><\/p>\n<p>T\u0101lr.: +371 67205533<\/p>\n<p>Epasts: tavex@tavex.lv<\/p>\n<p>www.tavex.lv<\/p>\n<p>&nbsp;<\/p>\n<p>&nbsp;<\/p>\n<p>[\/et_pb_text][\/et_pb_column][et_pb_column type=&#8221;1_2&#8243;][et_pb_cta admin_label=&#8221;Call To Action&#8221; title=&#8221;TAVEX m\u0101jaslapa&#8221; button_url=&#8221;www.tavex.lv&#8221; button_text=&#8221;Turpin\u0101t&#8221; use_background_color=&#8221;on&#8221; background_color=&#8221;#dd6a6a&#8221; background_layout=&#8221;dark&#8221; text_orientation=&#8221;center&#8221; \/][\/et_pb_column][\/et_pb_row][\/et_pb_section]<\/p>\n","protected":false},"excerpt":{"rendered":"<p><div class=\"et_pb_section et_pb_section_0 et_section_regular\" >\n\t\t\t\t\n\t\t\t\t\n\t\t\t\t\n\t\t\t\t\n\t\t\t\t\t\n\t\t\t\t\n\t\t\t\t\n\t\t\t<\/div><div class=\"et_pb_row et_pb_row_0 et_pb_row_empty\">\n\t\t\t\t\n\t\t\t\t\n\t\t\t\t\n\t\t\t<\/div> &nbsp; &nbsp; Nosaukums:\u00a0TAVEX SIA Re\u0123.nr.: 40003585673 Juridisk\u0101 adrese: Elizabetes iela 21A-103, R\u012bga, LV-1010 Dibin\u0101\u0161anas gads: 2002. gad\u0101 tika dibin\u0101ta\u00a0Latvijas p\u0101rst\u0101vniec\u012bba Uz\u0146\u0113muma apraksts: \u00a0Tavex SIA ir starptautiska finan\u0161u koncerna \u2013 Tavex Grupas da\u013ca, kas sniedz t\u0101dus finan\u0161u pakalpojumus, ka skaidras un bezskaidras naudas val\u016btas mai\u0146a, invest\u012bciju zelta pirk\u0161ana un p\u0101rdo\u0161ana, zelta juvelierzistr\u0101d\u0101jumu pirk\u0161ana un maks\u0101jumu [&hellip;]<\/p>\n","protected":false},"author":1,"featured_media":0,"parent":92,"menu_order":0,"comment_status":"closed","ping_status":"open","template":"","meta":{"_et_pb_use_builder":"on","_et_pb_old_content":"<p><strong>Nosaukums:<\/strong>\u00a0<strong>TAVEX SIA<\/strong><\/p><p><strong>Re\u0123.nr.:<\/strong> 40003585673<\/p><p><strong>Juridisk\u0101 adrese:<\/strong> Elizabetes iela 21A-103, R\u012bga, LV-1010<\/p><p><strong>Dibin\u0101\u0161anas gads:<\/strong> 2002. gad\u0101 tika dibin\u0101ta\u00a0Latvijas p\u0101rst\u0101vniec\u012bba<\/p><p><strong>Uz\u0146\u0113muma apraksts:<\/strong> \u00a0Tavex SIA ir starptautiska finan\u0161u koncerna \u2013 Tavex Grupas da\u013ca, kas sniedz t\u0101dus finan\u0161u pakalpojumus, ka skaidras un bezskaidras naudas val\u016btas mai\u0146a, invest\u012bciju zelta pirk\u0161ana un p\u0101rdo\u0161ana, zelta juvelierzistr\u0101d\u0101jumu pirk\u0161ana un maks\u0101jumu pakalpojumu snieg\u0161ana. Tavex SIA\u00a0ir piecas klientu apkalpo\u0161anas fili\u0101les, \u00a0kas atrodas R\u012bgas liel\u0101kajos tirdzniec\u012bbas centros, t\u0101dos k\u0101 t\/p ALFA, t\/c SPICE, t\/c MOLS, t\/c ORIGO, k\u0101 ar\u012b R\u012bgas\u00a0centr\u0101 Elizabetes iel\u0101 21A.\u00a0Tavex SIA \u00a0ir \u00a0TAVID AS(Igaunija), re\u0123.nr. 10055700 100% meitas uz\u0146\u0113mums.<\/p><p><a href=\"http:\/\/www.tavex.lv\/popFile.php?file=30\" target=\"_blank\">SIA Tavex audit\u0113ts gada p\u0101rskats par 2013.gadu (latvie\u0161u valod\u0101)<\/a><\/p><p><strong>Kontakti:<\/strong><\/p><p>T\u0101lr.: +371 67205533<\/p><p>Epasts: tavex@tavex.lv<\/p><p>www.tavex.lv<\/p><p>\u00a0<\/p><p>\u00a0<\/p>","_et_gb_content_width":""},"_links":{"self":[{"href":"https:\/\/nfpsa.lv\/index.php?rest_route=\/wp\/v2\/pages\/96"}],"collection":[{"href":"https:\/\/nfpsa.lv\/index.php?rest_route=\/wp\/v2\/pages"}],"about":[{"href":"https:\/\/nfpsa.lv\/index.php?rest_route=\/wp\/v2\/types\/page"}],"author":[{"embeddable":true,"href":"https:\/\/nfpsa.lv\/index.php?rest_route=\/wp\/v2\/users\/1"}],"replies":[{"embeddable":true,"href":"https:\/\/nfpsa.lv\/index.php?rest_route=%2Fwp%2Fv2%2Fcomments&post=96"}],"version-history":[{"count":10,"href":"https:\/\/nfpsa.lv\/index.php?rest_route=\/wp\/v2\/pages\/96\/revisions"}],"predecessor-version":[{"id":239,"href":"https:\/\/nfpsa.lv\/index.php?rest_route=\/wp\/v2\/pages\/96\/revisions\/239"}],"up":[{"embeddable":true,"href":"https:\/\/nfpsa.lv\/index.php?rest_route=\/wp\/v2\/pages\/92"}],"wp:attachment":[{"href":"https:\/\/nfpsa.lv\/index.php?rest_route=%2Fwp%2Fv2%2Fmedia&parent=96"}],"curies":[{"name":"wp","href":"https:\/\/api.w.org\/{rel}","templated":true}]}}