{"id":86,"date":"2014-11-10T13:04:25","date_gmt":"2014-11-10T13:04:25","guid":{"rendered":"https:\/\/www.nfpsa.lv\/?page_id=86"},"modified":"2025-07-30T13:19:11","modified_gmt":"2025-07-30T13:19:11","slug":"galvena","status":"publish","type":"page","link":"https:\/\/nfpsa.lv\/","title":{"rendered":""},"content":{"rendered":"<p>[et_pb_section fb_built=&#8221;1&#8243; _builder_version=&#8221;3.22&#8243; background_color=&#8221;rgba(255,255,255,0)&#8221; background_image=&#8221;https:\/\/www.nfpsa.lv\/wp-content\/uploads\/2014\/11\/Riga_Panorama_edited.jpg&#8221; parallax=&#8221;on&#8221; parallax_method=&#8221;off&#8221; transparent_background=&#8221;on&#8221; global_colors_info=&#8221;{}&#8221;][et_pb_row _builder_version=&#8221;3.25&#8243; background_size=&#8221;initial&#8221; background_position=&#8221;top_left&#8221; background_repeat=&#8221;repeat&#8221; global_colors_info=&#8221;{}&#8221; column_structure=&#8221;1_3,1_3,1_3&#8243;][et_pb_column type=&#8221;1_3&#8243; _builder_version=&#8221;3.25&#8243; custom_padding=&#8221;|||&#8221; global_colors_info=&#8221;{}&#8221; custom_padding__hover=&#8221;|||&#8221;][et_pb_text admin_label=&#8221;Text&#8221; _builder_version=&#8221;3.27.4&#8243; background_size=&#8221;initial&#8221; background_position=&#8221;top_left&#8221; background_repeat=&#8221;repeat&#8221; global_colors_info=&#8221;{}&#8221;]<\/p>\n<p style=\"text-align: justify;\"><strong>Nebanku Finan\u0161u Pakalpojumu Sniedz\u0113ju Asoci\u0101cijas\u00a0<\/strong>biedri\u00a0ir liel\u0101k\u0101s Latvij\u0101 str\u0101d\u0101jo\u0161\u0101s kapit\u0101lsabiedr\u012bbas, kuras sniedz \u0101rvalstu val\u016btu skaidr\u0101s naudas pirk\u0161anas un p\u0101rdo\u0161anas pakalpojumus, kuru darb\u012bbu licenc\u0113 Latvijas Banka un citi nebanku pakalpojumu sniedz\u0113ji.<\/p>\n<p style=\"text-align: justify;\">Members of<strong> Association of Non-bank Financial Services Providers<\/strong>\u00a0are the biggest currency exchange offices in Latvia (<em>bureau de change<\/em>), which provide currency exchange services \u2013 purchase and sale of foreign currency.<\/p>\n<p>[\/et_pb_text][\/et_pb_column][et_pb_column type=&#8221;1_3&#8243; _builder_version=&#8221;3.25&#8243; custom_padding=&#8221;|||&#8221; global_colors_info=&#8221;{}&#8221; custom_padding__hover=&#8221;|||&#8221;][et_pb_cta title=&#8221;Uzzini vair\u0101k par Asoci\u0101ciju&#8221; button_url=&#8221;https:\/\/www.nfpsa.lv\/?page_id=88&#8243; button_text=&#8221;Turpin\u0101t&#8221; admin_label=&#8221;Call To Action&#8221; _builder_version=&#8221;3.16&#8243; background_color=&#8221;#dd6a6a&#8221; background_size=&#8221;initial&#8221; background_position=&#8221;top_left&#8221; background_repeat=&#8221;repeat&#8221; global_colors_info=&#8221;{}&#8221; button_text_size__hover_enabled=&#8221;off&#8221; button_one_text_size__hover_enabled=&#8221;off&#8221; button_two_text_size__hover_enabled=&#8221;off&#8221; button_text_color__hover_enabled=&#8221;off&#8221; button_one_text_color__hover_enabled=&#8221;off&#8221; button_two_text_color__hover_enabled=&#8221;off&#8221; button_border_width__hover_enabled=&#8221;off&#8221; button_one_border_width__hover_enabled=&#8221;off&#8221; button_two_border_width__hover_enabled=&#8221;off&#8221; button_border_color__hover_enabled=&#8221;off&#8221; button_one_border_color__hover_enabled=&#8221;off&#8221; button_two_border_color__hover_enabled=&#8221;off&#8221; button_border_radius__hover_enabled=&#8221;off&#8221; button_one_border_radius__hover_enabled=&#8221;off&#8221; button_two_border_radius__hover_enabled=&#8221;off&#8221; button_letter_spacing__hover_enabled=&#8221;off&#8221; button_one_letter_spacing__hover_enabled=&#8221;off&#8221; button_two_letter_spacing__hover_enabled=&#8221;off&#8221; button_bg_color__hover_enabled=&#8221;off&#8221; button_one_bg_color__hover_enabled=&#8221;off&#8221; button_two_bg_color__hover_enabled=&#8221;off&#8221;][\/et_pb_cta][\/et_pb_column][et_pb_column type=&#8221;1_3&#8243; _builder_version=&#8221;3.25&#8243; custom_padding=&#8221;|||&#8221; global_colors_info=&#8221;{}&#8221; custom_padding__hover=&#8221;|||&#8221;][et_pb_text admin_label=&#8221;Text&#8221; _builder_version=&#8221;3.27.4&#8243; background_size=&#8221;initial&#8221; background_position=&#8221;top_left&#8221; background_repeat=&#8221;repeat&#8221; background_layout=&#8221;dark&#8221; global_colors_info=&#8221;{}&#8221;]<\/p>\n<p><strong><span style=\"color: #000000;\">Biedr\u012bba &#8220;Nebanku Finan\u0161u Pakalpojumu Sniedz\u0113ju Asoci\u0101cija&#8221;<\/span><\/strong><\/p>\n<p><span style=\"color: #000000;\">Re\u0123.nr. 40008227861<\/span><\/p>\n<p><span style=\"color: #000000;\">Elizabetes iela 21A, R\u012bga, LV-1010<\/span><\/p>\n<p><span style=\"color: #000000;\">E-pasts:\u00a0<span style=\"color: #0000ff;\"><a style=\"color: #0000ff;\" href=\"mailto:nfpsa.info@gmail.com\" target=\"_blank\" rel=\"noopener\">nfpsa.info@gmail.com<\/a><\/span><\/span><\/p>\n<p><span style=\"color: #000000;\">Bankas rekviz\u012bti:<\/span><\/p>\n<p><span style=\"color: #000000;\">Swedbank AS, LV37HABA0551039039135<\/span><\/p>\n<p><span style=\"color: #0000ff;\"><strong><a style=\"color: #0000ff;\" href=\"https:\/\/company.lursoft.lv\/nebanku-finansu-pakalpojumu-sniedzeju-asociacija\/40008227861?l=LV\" target=\"_blank\" rel=\"noopener\">Publisk\u0101 re\u0123istra dati | Lursoft<\/a><\/strong><\/span><\/p>\n<p>[\/et_pb_text][\/et_pb_column][\/et_pb_row][\/et_pb_section][et_pb_section fb_built=&#8221;1&#8243; _builder_version=&#8221;3.22&#8243; global_colors_info=&#8221;{}&#8221;][et_pb_row _builder_version=&#8221;3.25&#8243; background_size=&#8221;initial&#8221; background_position=&#8221;top_left&#8221; background_repeat=&#8221;repeat&#8221; global_colors_info=&#8221;{}&#8221;][et_pb_column type=&#8221;4_4&#8243; _builder_version=&#8221;3.25&#8243; custom_padding=&#8221;|||&#8221; global_colors_info=&#8221;{}&#8221; custom_padding__hover=&#8221;|||&#8221;][et_pb_blog posts_number=&#8221;3&#8243; include_categories=&#8221;5&#8243; show_author=&#8221;off&#8221; show_categories=&#8221;off&#8221; show_pagination=&#8221;off&#8221; admin_label=&#8221;Blog&#8221; _builder_version=&#8221;3.0.94&#8243; global_colors_info=&#8221;{}&#8221;][\/et_pb_blog][et_pb_cta title=&#8221;Visas aktualit\u0101tes nozar\u0113&#8221; button_url=&#8221;https:\/\/www.nfpsa.lv\/?page_id=100&#8243; button_text=&#8221;Turpin\u0101t&#8221; admin_label=&#8221;Call To Action&#8221; _builder_version=&#8221;3.16&#8243; background_color=&#8221;#dd6a6a&#8221; background_size=&#8221;initial&#8221; background_position=&#8221;top_left&#8221; background_repeat=&#8221;repeat&#8221; global_colors_info=&#8221;{}&#8221; button_text_size__hover_enabled=&#8221;off&#8221; button_one_text_size__hover_enabled=&#8221;off&#8221; button_two_text_size__hover_enabled=&#8221;off&#8221; button_text_color__hover_enabled=&#8221;off&#8221; button_one_text_color__hover_enabled=&#8221;off&#8221; button_two_text_color__hover_enabled=&#8221;off&#8221; button_border_width__hover_enabled=&#8221;off&#8221; button_one_border_width__hover_enabled=&#8221;off&#8221; button_two_border_width__hover_enabled=&#8221;off&#8221; button_border_color__hover_enabled=&#8221;off&#8221; button_one_border_color__hover_enabled=&#8221;off&#8221; button_two_border_color__hover_enabled=&#8221;off&#8221; button_border_radius__hover_enabled=&#8221;off&#8221; button_one_border_radius__hover_enabled=&#8221;off&#8221; button_two_border_radius__hover_enabled=&#8221;off&#8221; button_letter_spacing__hover_enabled=&#8221;off&#8221; button_one_letter_spacing__hover_enabled=&#8221;off&#8221; button_two_letter_spacing__hover_enabled=&#8221;off&#8221; button_bg_color__hover_enabled=&#8221;off&#8221; button_one_bg_color__hover_enabled=&#8221;off&#8221; button_two_bg_color__hover_enabled=&#8221;off&#8221;][\/et_pb_cta][\/et_pb_column][\/et_pb_row][\/et_pb_section]<\/p>\n","protected":false},"excerpt":{"rendered":"<p>Nebanku Finan\u0161u Pakalpojumu Sniedz\u0113ju Asoci\u0101cijas\u00a0biedri\u00a0ir liel\u0101k\u0101s Latvij\u0101 str\u0101d\u0101jo\u0161\u0101s kapit\u0101lsabiedr\u012bbas, kuras sniedz \u0101rvalstu val\u016btu skaidr\u0101s naudas pirk\u0161anas un p\u0101rdo\u0161anas pakalpojumus, kuru darb\u012bbu licenc\u0113 Latvijas Banka un citi nebanku pakalpojumu sniedz\u0113ji. Members of Association of Non-bank Financial Services Providers\u00a0are the biggest currency exchange offices in Latvia (bureau de change), which provide currency exchange services \u2013 purchase and [&hellip;]<\/p>\n","protected":false},"author":1,"featured_media":232,"parent":0,"menu_order":0,"comment_status":"closed","ping_status":"open","template":"","meta":{"_et_pb_use_builder":"on","_et_pb_old_content":"<p>\u0160\u012b ir MAIN PAGE<\/p>","_et_gb_content_width":""},"_links":{"self":[{"href":"https:\/\/nfpsa.lv\/index.php?rest_route=\/wp\/v2\/pages\/86"}],"collection":[{"href":"https:\/\/nfpsa.lv\/index.php?rest_route=\/wp\/v2\/pages"}],"about":[{"href":"https:\/\/nfpsa.lv\/index.php?rest_route=\/wp\/v2\/types\/page"}],"author":[{"embeddable":true,"href":"https:\/\/nfpsa.lv\/index.php?rest_route=\/wp\/v2\/users\/1"}],"replies":[{"embeddable":true,"href":"https:\/\/nfpsa.lv\/index.php?rest_route=%2Fwp%2Fv2%2Fcomments&post=86"}],"version-history":[{"count":31,"href":"https:\/\/nfpsa.lv\/index.php?rest_route=\/wp\/v2\/pages\/86\/revisions"}],"predecessor-version":[{"id":332,"href":"https:\/\/nfpsa.lv\/index.php?rest_route=\/wp\/v2\/pages\/86\/revisions\/332"}],"wp:featuredmedia":[{"embeddable":true,"href":"https:\/\/nfpsa.lv\/index.php?rest_route=\/wp\/v2\/media\/232"}],"wp:attachment":[{"href":"https:\/\/nfpsa.lv\/index.php?rest_route=%2Fwp%2Fv2%2Fmedia&parent=86"}],"curies":[{"name":"wp","href":"https:\/\/api.w.org\/{rel}","templated":true}]}}